Dec 01 03:11:33.949 INFO testing scottshotgg/opencl_rest_rust against master#8940af3cea4a9a9deabcaf843b2f8cad9a83fc61 for beta-1.31-5
Dec 01 03:11:33.950 INFO running `"docker" "create" "-v" "/mnt/big/crater/work/local/target-dirs/beta-1.31-5/worker-3/master#8940af3cea4a9a9deabcaf843b2f8cad9a83fc61:/target:rw,Z" "-v" "/mnt/big/crater/work/local/test-source/worker-3/beta-1.31-5/master#8940af3cea4a9a9deabcaf843b2f8cad9a83fc61:/source:ro,Z" "-v" "/mnt/big/crater/work/local/cargo-home:/cargo-home:ro,Z" "-v" "/mnt/big/crater/work/local/rustup-home:/rustup-home:ro,Z" "-e" "USER_ID=1000" "-e" "SOURCE_DIR=/source" "-e" "USER_ID=1000" "-e" "CMD=cargo +8940af3cea4a9a9deabcaf843b2f8cad9a83fc61-alt build --frozen" "-e" "CARGO_TARGET_DIR=/target" "-e" "CARGO_INCREMENTAL=0" "-e" "RUST_BACKTRACE=full" "-e" "RUSTFLAGS=--cap-lints=warn" "-e" "CARGO_HOME=/cargo-home" "-e" "RUSTUP_HOME=/rustup-home" "-m" "1536M" "--network" "none" "crater"`
Dec 01 03:11:34.611 INFO [stdout] 7042a005aed35c3b1e5b244548f4ddce9c62f97122c04fdfdb727c9fc0dccb09
Dec 01 03:11:34.614 INFO running `"docker" "start" "-a" "7042a005aed35c3b1e5b244548f4ddce9c62f97122c04fdfdb727c9fc0dccb09"`
Dec 01 03:11:36.291 INFO [stderr] usermod: no changes
Dec 01 03:11:36.835 INFO [stderr]    Compiling vulkano v0.10.0
Dec 01 03:11:36.843 INFO [stderr]    Compiling half v1.3.0
Dec 01 03:11:36.843 INFO [stderr]    Compiling vk-sys v0.3.3
Dec 01 03:11:36.844 INFO [stderr]    Compiling log v0.3.9
Dec 01 03:11:36.844 INFO [stderr]    Compiling pear_codegen v0.0.20
Dec 01 03:11:36.845 INFO [stderr]    Compiling rocket v0.3.17
Dec 01 03:11:36.856 INFO [stderr]    Compiling rocket_codegen v0.3.17
Dec 01 03:11:36.875 INFO [stderr]    Compiling syn v0.15.12
Dec 01 03:11:37.355 INFO [stderr] error: failed to run custom build command for `rocket v0.3.17`
Dec 01 03:11:37.355 INFO [stderr] process didn't exit successfully: `/target/debug/build/rocket-6877f3be50dcc505/build-script-build` (exit code: 101)
Dec 01 03:11:37.356 INFO [stderr] --- stderr
Dec 01 03:11:37.356 INFO [stderr] [1;31mError:[0m [37mRocket requires a nightly or dev version of Rust.[0m
Dec 01 03:11:37.356 INFO [stderr] [37mInstalled version is:[0m [33m1.31.0-beta.20 (2018-11-30)[0m. [37mMinimum required:[0m [33m1.27.0-nightly (2018-04-26)[0m.
Dec 01 03:11:37.357 INFO [stderr] [34mSee the getting started guide ([0m[37mhttps://rocket.rs/guide/getting-started/[0m[34m) for more information.[0m
Dec 01 03:11:37.357 INFO [stderr] thread 'main' panicked at 'Aborting compilation due to incompatible compiler.', /cargo-home/registry/src/github.com-1ecc6299db9ec823/rocket-0.3.17/build.rs:38:13
Dec 01 03:11:37.357 INFO [stderr] stack backtrace:
Dec 01 03:11:37.358 INFO [stderr]    0:     0x55d3cb30d4bf - std::sys::unix::backtrace::tracing::imp::unwind_backtrace::h3a8b83e1922cbdde
Dec 01 03:11:37.358 INFO [stderr]                                at libstd/sys/unix/backtrace/tracing/gcc_s.rs:49
Dec 01 03:11:37.358 INFO [stderr]    1:     0x55d3cb318e97 - std::sys_common::backtrace::print::h00d3155a29b4020f
Dec 01 03:11:37.359 INFO [stderr]                                at libstd/sys_common/backtrace.rs:71
Dec 01 03:11:37.359 INFO [stderr]                                at libstd/sys_common/backtrace.rs:59
Dec 01 03:11:37.359 INFO [stderr]    2:     0x55d3cb311d5f - std::panicking::default_hook::{{closure}}::hd7465c742e79e1bb
Dec 01 03:11:37.360 INFO [stderr]                                at libstd/panicking.rs:211
Dec 01 03:11:37.360 INFO [stderr]    3:     0x55d3cb311ac4 - std::panicking::default_hook::h9e3966f2aa2a6e12
Dec 01 03:11:37.361 INFO [stderr]                                at libstd/panicking.rs:227
Dec 01 03:11:37.361 INFO [stderr]    4:     0x55d3cb31238e - std::panicking::rust_panic_with_hook::h587f091ae747d080
Dec 01 03:11:37.361 INFO [stderr]                                at libstd/panicking.rs:476
Dec 01 03:11:37.362 INFO [stderr]    5:     0x55d3cb2e3ef3 - std::panicking::begin_panic::h23eecaef6526ec18
Dec 01 03:11:37.362 INFO [stderr]                                at libstd/panicking.rs:410
Dec 01 03:11:37.362 INFO [stderr]    6:     0x55d3cb2e1fb5 - build_script_build::main::hf4a58592e5df52f0
Dec 01 03:11:37.363 INFO [stderr]                                at /cargo-home/registry/src/github.com-1ecc6299db9ec823/rocket-0.3.17/build.rs:38
Dec 01 03:11:37.363 INFO [stderr]    7:     0x55d3cb2e47df - std::rt::lang_start::{{closure}}::hfed5074a970f8a15
Dec 01 03:11:37.363 INFO [stderr]                                at libstd/rt.rs:74
Dec 01 03:11:37.364 INFO [stderr]    8:     0x55d3cb311e02 - std::panicking::try::do_call::h52e7f80ff0fdcc45
Dec 01 03:11:37.364 INFO [stderr]                                at libstd/rt.rs:59
Dec 01 03:11:37.364 INFO [stderr]                                at libstd/panicking.rs:310
Dec 01 03:11:37.365 INFO [stderr]    9:     0x55d3cb323e49 - __rust_maybe_catch_panic
Dec 01 03:11:37.365 INFO [stderr]                                at libpanic_unwind/lib.rs:102
Dec 01 03:11:37.365 INFO [stderr]   10:     0x55d3cb301b1a - std::rt::lang_start_internal::h38cae898de7f805c
Dec 01 03:11:37.365 INFO [stderr]                                at libstd/panicking.rs:289
Dec 01 03:11:37.366 INFO [stderr]                                at libstd/panic.rs:392
Dec 01 03:11:37.366 INFO [stderr]                                at libstd/rt.rs:58
Dec 01 03:11:37.366 INFO [stderr]   11:     0x55d3cb2e47b8 - std::rt::lang_start::h646c4981e0fa06cc
Dec 01 03:11:37.367 INFO [stderr]                                at libstd/rt.rs:74
Dec 01 03:11:37.367 INFO [stderr]   12:     0x55d3cb2e2e89 - main
Dec 01 03:11:37.367 INFO [stderr]   13:     0x7f892207c82f - __libc_start_main
Dec 01 03:11:37.368 INFO [stderr]   14:     0x55d3cb2e1658 - _start
Dec 01 03:11:37.368 INFO [stderr]   15:                0x0 - <unknown>
Dec 01 03:11:37.368 INFO [stderr] 
Dec 01 03:11:37.368 INFO [stderr] warning: build failed, waiting for other jobs to finish...
Dec 01 03:11:37.655 INFO [stderr] error: failed to run custom build command for `rocket_codegen v0.3.17`
Dec 01 03:11:37.655 INFO [stderr] process didn't exit successfully: `/target/debug/build/rocket_codegen-3a54d251231151b7/build-script-build` (exit code: 101)
Dec 01 03:11:37.655 INFO [stderr] --- stderr
Dec 01 03:11:37.655 INFO [stderr] [1;31mError:[0m [37mRocket requires a nightly or dev version of Rust.[0m
Dec 01 03:11:37.655 INFO [stderr] [37mInstalled version is:[0m [33m1.31.0-beta.20 (2018-11-30)[0m. [37mMinimum required:[0m [33m1.30.0-nightly (2018-08-23)[0m.
Dec 01 03:11:37.655 INFO [stderr] [34mSee the getting started guide ([0m[37mhttps://rocket.rs/guide/getting-started/[0m[34m) for more information.[0m
Dec 01 03:11:37.655 INFO [stderr] thread 'main' panicked at 'Aborting compilation due to incompatible compiler.', /cargo-home/registry/src/github.com-1ecc6299db9ec823/rocket_codegen-0.3.17/build.rs:38:17
Dec 01 03:11:37.655 INFO [stderr] stack backtrace:
Dec 01 03:11:37.655 INFO [stderr]    0:     0x56377f7554af - std::sys::unix::backtrace::tracing::imp::unwind_backtrace::h3a8b83e1922cbdde
Dec 01 03:11:37.655 INFO [stderr]                                at libstd/sys/unix/backtrace/tracing/gcc_s.rs:49
Dec 01 03:11:37.655 INFO [stderr]    1:     0x56377f760e87 - std::sys_common::backtrace::print::h00d3155a29b4020f
Dec 01 03:11:37.655 INFO [stderr]                                at libstd/sys_common/backtrace.rs:71
Dec 01 03:11:37.655 INFO [stderr]                                at libstd/sys_common/backtrace.rs:59
Dec 01 03:11:37.655 INFO [stderr]    2:     0x56377f759d4f - std::panicking::default_hook::{{closure}}::hd7465c742e79e1bb
Dec 01 03:11:37.655 INFO [stderr]                                at libstd/panicking.rs:211
Dec 01 03:11:37.655 INFO [stderr]    3:     0x56377f759ab4 - std::panicking::default_hook::h9e3966f2aa2a6e12
Dec 01 03:11:37.655 INFO [stderr]                                at libstd/panicking.rs:227
Dec 01 03:11:37.655 INFO [stderr]    4:     0x56377f75a37e - std::panicking::rust_panic_with_hook::h587f091ae747d080
Dec 01 03:11:37.655 INFO [stderr]                                at libstd/panicking.rs:476
Dec 01 03:11:37.655 INFO [stderr]    5:     0x56377f72bee3 - std::panicking::begin_panic::h3cdb33aadd4ba46c
Dec 01 03:11:37.655 INFO [stderr]                                at libstd/panicking.rs:410
Dec 01 03:11:37.655 INFO [stderr]    6:     0x56377f729fb4 - build_script_build::main::hf707b40a95e32645
Dec 01 03:11:37.655 INFO [stderr]                                at /cargo-home/registry/src/github.com-1ecc6299db9ec823/rocket_codegen-0.3.17/build.rs:38
Dec 01 03:11:37.655 INFO [stderr]    7:     0x56377f72c7cf - std::rt::lang_start::{{closure}}::h6448f073247729bf
Dec 01 03:11:37.655 INFO [stderr]                                at libstd/rt.rs:74
Dec 01 03:11:37.655 INFO [stderr]    8:     0x56377f759df2 - std::panicking::try::do_call::h52e7f80ff0fdcc45
Dec 01 03:11:37.655 INFO [stderr]                                at libstd/rt.rs:59
Dec 01 03:11:37.655 INFO [stderr]                                at libstd/panicking.rs:310
Dec 01 03:11:37.655 INFO [stderr]    9:     0x56377f76be39 - __rust_maybe_catch_panic
Dec 01 03:11:37.655 INFO [stderr]                                at libpanic_unwind/lib.rs:102
Dec 01 03:11:37.655 INFO [stderr]   10:     0x56377f749b0a - std::rt::lang_start_internal::h38cae898de7f805c
Dec 01 03:11:37.655 INFO [stderr]                                at libstd/panicking.rs:289
Dec 01 03:11:37.655 INFO [stderr]                                at libstd/panic.rs:392
Dec 01 03:11:37.655 INFO [stderr]                                at libstd/rt.rs:58
Dec 01 03:11:37.655 INFO [stderr]   11:     0x56377f72c7a8 - std::rt::lang_start::h3a7d4f3d64909f8d
Dec 01 03:11:37.655 INFO [stderr]                                at libstd/rt.rs:74
Dec 01 03:11:37.655 INFO [stderr]   12:     0x56377f72ae79 - main
Dec 01 03:11:37.655 INFO [stderr]   13:     0x7f514df7b82f - __libc_start_main
Dec 01 03:11:37.655 INFO [stderr]   14:     0x56377f729658 - _start
Dec 01 03:11:37.655 INFO [stderr]   15:                0x0 - <unknown>
Dec 01 03:11:37.655 INFO [stderr] 
Dec 01 03:11:37.655 INFO [stderr] warning: build failed, waiting for other jobs to finish...
Dec 01 03:11:37.675 INFO [stderr] error: failed to run custom build command for `pear_codegen v0.0.20`
Dec 01 03:11:37.675 INFO [stderr] process didn't exit successfully: `/target/debug/build/pear_codegen-545f8475d142af57/build-script-build` (exit code: 101)
Dec 01 03:11:37.675 INFO [stderr] --- stderr
Dec 01 03:11:37.675 INFO [stderr] [1;31mError:[0m [37mPear requires a nightly or dev version of Rust.[0m
Dec 01 03:11:37.675 INFO [stderr] [37mInstalled version is:[0m [33m1.31.0-beta.20 (2018-11-30)[0m. [37mMinimum required:[0m [33m1.30.0-nightly (2018-08-23)[0m.
Dec 01 03:11:37.675 INFO [stderr] thread 'main' panicked at 'Aborting compilation due to incompatible compiler.', /cargo-home/registry/src/github.com-1ecc6299db9ec823/pear_codegen-0.0.20/build.rs:31:13
Dec 01 03:11:37.675 INFO [stderr] stack backtrace:
Dec 01 03:11:37.675 INFO [stderr]    0:     0x557bae86427f - std::sys::unix::backtrace::tracing::imp::unwind_backtrace::h3a8b83e1922cbdde
Dec 01 03:11:37.675 INFO [stderr]                                at libstd/sys/unix/backtrace/tracing/gcc_s.rs:49
Dec 01 03:11:37.675 INFO [stderr]    1:     0x557bae86fc57 - std::sys_common::backtrace::print::h00d3155a29b4020f
Dec 01 03:11:37.675 INFO [stderr]                                at libstd/sys_common/backtrace.rs:71
Dec 01 03:11:37.675 INFO [stderr]                                at libstd/sys_common/backtrace.rs:59
Dec 01 03:11:37.675 INFO [stderr]    2:     0x557bae868b1f - std::panicking::default_hook::{{closure}}::hd7465c742e79e1bb
Dec 01 03:11:37.675 INFO [stderr]                                at libstd/panicking.rs:211
Dec 01 03:11:37.675 INFO [stderr]    3:     0x557bae868884 - std::panicking::default_hook::h9e3966f2aa2a6e12
Dec 01 03:11:37.675 INFO [stderr]                                at libstd/panicking.rs:227
Dec 01 03:11:37.675 INFO [stderr]    4:     0x557bae86914e - std::panicking::rust_panic_with_hook::h587f091ae747d080
Dec 01 03:11:37.675 INFO [stderr]                                at libstd/panicking.rs:476
Dec 01 03:11:37.675 INFO [stderr]    5:     0x557bae83acb3 - std::panicking::begin_panic::h4e3730271beb8b92
Dec 01 03:11:37.675 INFO [stderr]                                at libstd/panicking.rs:410
Dec 01 03:11:37.675 INFO [stderr]    6:     0x557bae838d78 - build_script_build::main::hd397855388fb565b
Dec 01 03:11:37.675 INFO [stderr]                                at /cargo-home/registry/src/github.com-1ecc6299db9ec823/pear_codegen-0.0.20/build.rs:31
Dec 01 03:11:37.675 INFO [stderr]    7:     0x557bae83b59f - std::rt::lang_start::{{closure}}::h7b3193c265bb446b
Dec 01 03:11:37.675 INFO [stderr]                                at libstd/rt.rs:74
Dec 01 03:11:37.675 INFO [stderr]    8:     0x557bae868bc2 - std::panicking::try::do_call::h52e7f80ff0fdcc45
Dec 01 03:11:37.675 INFO [stderr]                                at libstd/rt.rs:59
Dec 01 03:11:37.675 INFO [stderr]                                at libstd/panicking.rs:310
Dec 01 03:11:37.675 INFO [stderr]    9:     0x557bae87ac09 - __rust_maybe_catch_panic
Dec 01 03:11:37.675 INFO [stderr]                                at libpanic_unwind/lib.rs:102
Dec 01 03:11:37.675 INFO [stderr]   10:     0x557bae8588da - std::rt::lang_start_internal::h38cae898de7f805c
Dec 01 03:11:37.675 INFO [stderr]                                at libstd/panicking.rs:289
Dec 01 03:11:37.675 INFO [stderr]                                at libstd/panic.rs:392
Dec 01 03:11:37.675 INFO [stderr]                                at libstd/rt.rs:58
Dec 01 03:11:37.675 INFO [stderr]   11:     0x557bae83b578 - std::rt::lang_start::h40513075cbc2edc4
Dec 01 03:11:37.675 INFO [stderr]                                at libstd/rt.rs:74
Dec 01 03:11:37.675 INFO [stderr]   12:     0x557bae839c49 - main
Dec 01 03:11:37.675 INFO [stderr]   13:     0x7f0e1fc1682f - __libc_start_main
Dec 01 03:11:37.675 INFO [stderr]   14:     0x557bae838658 - _start
Dec 01 03:11:37.675 INFO [stderr]   15:                0x0 - <unknown>
Dec 01 03:11:37.675 INFO [stderr] 
Dec 01 03:11:37.675 INFO [stderr] warning: build failed, waiting for other jobs to finish...
Dec 01 03:11:52.294 INFO [stderr] error: build failed
Dec 01 03:11:52.307 INFO [stderr] su: No module specific data is present
Dec 01 03:11:53.171 INFO running `"docker" "inspect" "7042a005aed35c3b1e5b244548f4ddce9c62f97122c04fdfdb727c9fc0dccb09"`
Dec 01 03:11:53.525 INFO running `"docker" "rm" "-f" "7042a005aed35c3b1e5b244548f4ddce9c62f97122c04fdfdb727c9fc0dccb09"`
Dec 01 03:11:53.967 INFO [stdout] 7042a005aed35c3b1e5b244548f4ddce9c62f97122c04fdfdb727c9fc0dccb09
